digit of m?
7
Let c = 4478 - 4265. What is the units digit of c?
3
Let m = 1829 - -3799. What is the units digit of m?
8
Let k(g) = 6*g - 12. Let z(b) = -11*b + 25. Let f(p) = -5*k(p) - 2*z(p). Suppose 0 = d + 2*d + 9. What is the units digit of f(d)?
4
Let t(s) = -s - 2. Let k be t(-2). Let f(n) = 15 + 91 - 45 + n**2 - n**3. What is the units digit of f(k)?
1
Suppose -2*j + 53571 = -5*c, 57553 = -5*j - 5*c + 191603. What is the thousands digit of j?
6
Let z(n) = n**3 - 3 - n**3 + n**3 + 3*n**2. Suppose 3*p + 4*y = -0*p - 2, -p - 4*y - 6 = 0. What is the tens digit of z(p)?
1
Let k = 737 - -1392. What is the thousands digit of k?
2
Suppose -21171 = -3*l - 4*g, -2*l + 2*g = -3*g - 14137. What is the hundreds digit of l?
0
Suppose n - 2 = 4*v - n, v - n = -1. Suppose v = -x + 3*x - 16. Suppose 5*z = x + 302. What is the tens digit of z?
6
Let m(i) = -12*i + 23. Suppose -18 = -h - 4*h - 4*b, -3*b = 5*h - 16. Suppose -4*n + 6*n + 5*o = 3, -3*n = -h*o + 24. What is the units digit of m(n)?
5
Suppose -5*t + 20 = 0, 6943 = 2*k - 4*t - 18631. What is the units digit of k?
5
Suppose -162 + 687 = -3*i. What is the hundreds digit of (i/14 + 5)*(-312)/10?
2
Suppose 8*o - 10*o + 3*d + 18019 = 0, 3*o + 5*d = 27057. What is the tens digit of o?
1
Let y = 32337 - 12492. What is the tens digit of y?
4
Let v = -10062 + 14966. What is the units digit of v?
4
Suppose -3*u = -c + 2*c + 11, -2*c + 2 = -2*u. Let g be 97/c + 3*(-5)/(-30). Let r = 7 - g. What is the units digit of r?
5
Suppose -191130 = -132*b + 126*b. What is the ten thousands digit of b?
3
Let b = 65 - 98. Let s = b + 37. Suppose s*v + 222 = 826. What is the tens digit of v?
5
Suppose 4*s - 6142 - 7689 = -n, 12*s + 5*n = 41507. What is the units digit of s?
6
Let w(f) = -4*f + 6. Let r be w(-2). Suppose -r = 4*u - 10. What is the tens digit of u/((1/(-183))/((-4)/(-6)))?
2
What is the thousands digit of (-3)/((-6)/(-2))*(-20535)/3?
6
What is the hundreds digit of -199*(10 + -34) - 0?
7
Let c(r) = r**2 + 25*r + 27. Let t be c(-23). Let z(d) = -d**2 - 24*d - 92. What is the units digit of z(t)?
3
Let n = 40 - 42. Let r(h) = -22*h + 4. Let p be r(n). Suppose -4*d = -3*x + 214, 0 = -2*x + 2*d + 190 - p. What is the units digit of x?
0
Let q = -308 + 170. Let o = -85 - -429. Let w = q + o. What is the hundreds digit of w?
2
Suppose -6*w = -25*w + 456. Suppose w = -h + 823. What is the hundreds digit of h?
7
Let d(a) = 3*a**3 + 8*a**2 + 181*a - 1630. What is the thousands digit of d(9)?
2
Let x be (-9)/(-4) + -2 - (-105)/(-20). What is the hundreds digit of 175 - (-4 + x + 7)?
1
Suppose -3*i = -9, 3*i - 3 = r - 1. Let q be (120/35)/(2/r). Let n = 18 - q. What is the units digit of n?
6
Let d(n) = 904*n**2 - 52*n - 212. What is the tens digit of d(-4)?
6
Suppose 5*i + 9*w - 8*w = 87464, -5*i + w = -87456. What is the tens digit of i?
9
Suppose 53 = 5*a + 48. Suppose -v = -0*v - a. What is the units digit of (74 - v) + (2 - 0)?
5
Let x be -8 + 19 - (-4)/(-1). Suppose -x*o - 9 = -51. Suppose 51*y - 52*y = -o. What is the units digit of y?
6
Let c(t) = -279*t + 6099. What is the hundreds digit of c(0)?
0
What is the thousands digit of 10/8 - 17969589/(-1276)?
4
Let q be (-3 - 7)/((-3)/((-21)/(-28)))*2. Let h(i) be the second derivative of -i**5/20 + 3*i**4/4 + i**3/3 - 5*i**2/2 + i. What is the units digit of h(q)?
5
Let l be (-46)/69 + (-2)/(12/(-46)). Suppose -l*u - 6*u = 2327. Let z = u + 277. What is the units digit of z?
8
Let h be 28 - (3 - (3 + -4)). Suppose h = -p - 87. What is the tens digit of 8/24*(0 + p)*-1?
3
Suppose 3*l + 0*f + 3*f - 456 = 0, -754 = -5*l - 2*f. Let n(q) = q + 85. Let h be n(-76). Suppose 6*z + l = h*z. What is the tens digit of z?
5
Suppose 0 = 8*o + 4*o - 36. Suppose 3*i - o*g + 21 = 0, -14 = -3*i - 3*g - g. What is the tens digit of (1/(-2))/(i/332 + 0)?
8
Suppose 2*c - 5*s + 5 = 0, 3*c + 2*s - 5*s = -3. Suppose c = 2*x - 130 + 52. Suppose 3*u - k - 39 = 92, -x = -u + 5*k. What is the tens digit of u?
4
Let r = -22 + 20. Let m(s) = -16*s**3 - 3*s**2 - 4*s - 3. Let x be m(r). Suppose -p - p + x = -b, 2*b = 5*p - 304. What is the units digit of p?
2
Suppose 2 = o - 15. Let w = o + -10. Suppose -2*m = -2*b + w*b - 58, -3*b = 5*m - 50. What is the units digit of b?
0
Let l(t) = 4*t + 184. Let c = 139 - 128. What is the units digit of l(c)?
8
Suppose -13*r + 33*r - 15626 = 435954. What is the units digit of r?
9
Let r(t) = -11*t - 39. Let f be r(-4). What is the tens digit of (f/(-15))/((-1)/651)?
1
Let d(s) = 279*s**2 - 87*s - 307. What is the hundreds digit of d(13)?
7
Let w(n) = 114*n - 387. What is the thousands digit of w(124)?
3
Let n be (-16)/72 - 318/27. Let p be 3/(-12) + (-3735)/n. Suppose -5*w + p = 41. What is the units digit of w?
4
Let w(h) = 269*h**2 + 2*h - 4. Let l be w(-2). Suppose -6*c = -12*c + l. What is the tens digit of c?
7
Let u = 605 - -247. What is the hundreds digit of u?
8
Let v be 17/(68/(-8)) + 0. What is the tens digit of (1 - (-52 - v)) + 268/67?
5
Let m = 50 + -29. Suppose -19*d - 82 = -m*d. What is the tens digit of d?
4
Let m(v) = -v**2 - 3*v + 70. Let q be m(-10). Suppose q = 4*d - 37*d + 23298. What is the tens digit of d?
0
Suppose -4*m = x - 25, -2*m + 15 = 2*x - m. Suppose 11*k = x*k + 24. Suppose -4*t + 50 + 62 = k*r, -10 = -5*t. What is the units digit of r?
6
Let c = -43 + 48. Suppose -2*g + c*l = 25, l + 0 - 5 = 0. What is the tens digit of 3 - (g + 1*-158)?
6
Let z(d) = 159*d**2 + 2*d. Let k(s) = s**2 - 6*s - 3. Let x be k(-4). Let l = 36 - x. What is the units digit of z(l)?
7
Let l(d) = -d**3 - 135*d**2 - 106*d - 2880. What is the tens digit of l(-136)?
3
Suppose 0 = 4*r - 3*h - 36343, 6*r + 21*h - 18149 = 4*r. What is the thousands digit of r?
9
Let x(v) = 8*v**2 - 21*v - 80. Let g be x(-10). Suppose 3*s = -j + g, 0 = -2*j - 2*s + s + 1880. What is the units digit of j?
2
Let i be (-4 - -3 - -29)*(-27)/(-18). Let n = 106 + i. What is the hundreds digit of n?
1
Suppose -4*r - 16*f = -18*f - 24530, -f = -r + 6132. What is the tens digit of r?
3
Suppose 3*c - 9 = -5*f, -3*c = -c + 4. Suppose -2064 = -f*i + 2*r + r, i = -5*r + 706. What is the tens digit of i?
9
Let m be (4/(-7))/(90/(-189))*500. Let z = m - -257. What is the tens digit of z?
5
Suppose y = r, 3*r - 5*r - y = -6. Let k be (-14)/((3/(-5 - -2))/r). Suppose -34*c + k*c + 348 = 0. What is the units digit of c?
8
Let b = 333 - 330. Suppose -4*h - b + 1379 = 0. What is the hundreds digit of h?
3
Let z = 16638 - 16601. What is the tens digit of z?
3
Suppose 2*c + 3*i - 2 = i, 2*i = -2. Suppose -c*z + 34 = -106. Suppose -n + 28 = -z. What is the units digit of n?
8
What is the hundreds digit of ((-114)/4)/((-450)/145200)?
1
What is the ten thousands digit of -18*(-11 + 3580/42)*-21?
2
What is the thousands digit of (0 - 10) + 4567*105/35?
3
Suppose -66368 = -83*i + 35*i + 16*i. What is the units digit of i?
4
Let k(p) = 629*p - 4066. What is the units digit of k(34)?
0
Suppose -3*w + 152052 = -74*u + 71*u, 253424 = 5*w - 4*u. What is the thousands digit of w?
0
Suppose -25523 = -5*z + 3*n - 5876, -z + 3919 = 2*n. What is the hundreds digit of z?
9
Let u = -306 + 749. What is the units digit of u?
3
Let g(d) = 19*d**2 + 226*d + 79. What is the units digit of g(-37)?
8
Let x = -139 - -199. Let m = 32 - x. Let c = m + 29. What is the units digit of c?
1
Let b = -530 + 10. Let p = -193 - b. What is the hundreds digit of p?
3
Suppose 0 = -o - 19244 + 30146. What is the ten thousands digit of o?
1
Let i(p) = 94*p + 2822. Let j be i(-30). Let s(k) = -22*k - 6. Let g be s(-4). What is the units digit of ((-3 - j) + 4 - 0) + g?
1
Suppose 59*w = -28*w + 489984. What is the tens digit of w?
3
Let a(z) = -z**3 + 75*z**2 - 44*z + 7. What is the tens digit of a(-17)?
4
Suppose 0 = 67*p - 68*p + 3560. What is the thousands digit of p?
3
Let h(w) = 5*w**2 - 12 - 4*w**2 + 6*w - 4. Suppose 0 = -7*g - 36 - 27. What is the tens digit of h(g)?
1
Suppose -48 = -5*a - 178. Let y = a + 33. What is the units digit of (4*12)/(y/(-2) + 4)?
6
Suppose 0 = -12*v + 586 + 182. Let b = 68 - v. Suppose -2*u = b*g - 642, 3*g + u + u = 479. What is the hundreds digit of g?
1
Let q(u) = -u**2 + 6*u + 2. Let r be q(6). Suppose 2*s - 219 = b, 3*b = -r*b + 25. Suppose 3*t - 360 = 2*d, -s = -t + d - 3*d. What is th